e factors of 174/k*6/(-9)?
29
Suppose 2*f + 38 = 50. Suppose 256 = 8*n - f*n. What are the prime factors of n?
2
Suppose -5*a + 1014 = y - 1224, 0 = -3*a + 3*y + 1332. List the prime factors of a.
3, 149
What are the prime factors of (-8)/96 - (-29307)/36?
2, 11, 37
Let t = 26 - -51. Suppose 0 = 70*q - t*q + 651. List the prime factors of q.
3, 31
Suppose 4 = 3*q - 5. Suppose 0*l + q*l = -2*i + 49, i = 5*l + 18. List the prime factors of i.
23
Let h = 1144 + -717. Suppose 0 = -7*s + 175 + h. What are the prime factors of s?
2, 43
Suppose 5*b + 2*p = 19, -2*b - p - 4*p = 5. Let h(q) = 5 - 4*q - 1 + 7*q + 6. List the prime factors of h(b).
5
Let x = 238 + -115. What are the prime factors of x?
3, 41
Let g = -1 + 15. Let x be (-2 + -2)/(g/(-7)). Suppose -x*a - 1 + 5 = 0, 0 = 3*y - a - 16. What are the prime factors of y?
2, 3
Let s = -32 + 37. What are the prime factors of (93/(-9))/(s/(-30))?
2, 31
Suppose -4*x + 2519 = j, 2*x + 2*x - 4*j - 2544 = 0. What are the prime factors of x?
631
Let j(k) = -12*k - 175. List the prime factors of j(-37).
269
Suppose -3*n = 2*g + 340, 0 = -5*g - 6*n + 2*n - 857. Let y = g + 274. List the prime factors of y.
101
Let u be 0 - 3 - (734 - -1)/(-3). Let y = -144 + u. List the prime factors of y.
2, 7
Let o(t) be the third derivative of -t**6/60 - t**5/20 - t**4/8 - t**3/6 - 11*t**2. Let x be o(-1). What are the prime factors of (-2)/x*531/(-18)?
59
Let v be (3/(-9))/(4/(-96)*2). Suppose -y + q = -3*q - 82, 3*y + v*q - 326 = 0. List the prime factors of y.
2, 3, 17
Let a(x) = -135*x + 2. Let f be a(-2). Suppose -q - 3*q = 20, -4*w + 4*q + f = 0. List the prime factors of w.
3, 7
Suppose -4*c - 14 = 2*k, 3*k + 6 + 7 = -4*c. Let q be (-4 - c)/(-1) - -2. Suppose -q*o + 6*o = 212. List the prime factors of o.
53
List the prime factors of (-33)/(-11)*(-3 + 1744/3).
5, 347
Suppose 2*l - 2107 - 111 = 0. List the prime factors of l.
1109
Let j(o) = -o + 7. Let l be j(0). Let n(y) = 3*y**2 - 18*y + 15. What are the prime factors of n(l)?
2, 3
Let g(s) = -7*s**2 - 5*s - 7. Let v(d) = -8*d**2 - 4*d - 7. Let m(c) = 7*g(c) - 6*v(c). What are the prime factors of m(-9)?
11
What are the prime factors of 2 + 7/(-2) + (-120001)/(-62)?
2, 967
Let s(y) = y**3 + 62*y**2 + 162*y + 83. What are the prime factors of s(-59)?
2, 11
Let x(q) = -q**2 + 5*q + 3. Let d be x(5). Suppose 0 = -d*a + 4*l + 492, -164 = -a - 2*l + 4*l. What are the prime factors of a?
2, 41
Let x = 57 - 54. List the prime factors of -2 + x/(9/246).
2, 5
Let j = 975 + -133. What are the prime factors of j?
2, 421
Suppose 22*j - 20217 = -j. List the prime factors of j.
3, 293
Let u(h) = h**3 + 5*h**2 - h - 5. Let i be u(-5). Let t = 2 - 0. Suppose i = z - 0*z - 3*q - 16, 2*z + t*q = 16. What are the prime factors of z?
2, 5
Let l = 330 - 125. What are the prime factors of l?
5, 41
Let m(t) = 38*t - 7*t - 5*t + 8*t - 2. What are the prime factors of m(2)?
2, 3, 11
Let i(g) = 420*g + 116. List the prime factors of i(3).
2, 43
Let y be 0/(-2) + 4 - (6 + -37). Let w be (-1)/(-2) - (-113)/2. Let i = w - y. What are the prime factors of i?
2, 11
Suppose 4*q = -3*r + 3813, -7*r + q - 3804 = -10*r. What are the prime factors of r?
7, 181
Suppose -7*d + 30 = -2*d. Let p = -6 + d. Suppose p = -v + 5*v - 80. List the prime factors of v.
2, 5
Let k(i) = 7*i**3 + 7*i**2 - 3*i - 11. List the prime factors of k(5).
2
Let x(t) be the second derivative of -t**3/6 + 3*t**2 + 17*t. Suppose 2*y = -3*z - 12, y + 2 - 9 = 5*z. List the prime factors of x(y).
3
What are the prime factors of (628 - (0 + 0))*(-2 + 4)?
2, 157
Let m = 11 - 11. Suppose 3*k - 6*r + r - 32 = 0, 3*k + 5*r + 8 = m. Suppose -k*v + 60 = -104. What are the prime factors of v?
41
Let c = 205 - 136. Let o be (-8)/(-4) - (39 + 1). Let a = c + o. List the prime factors of a.
31
Let q(i) = 17*i**2 - 108*i + 16. What are the prime factors of q(15)?
2221
Let t(q) = q**2 - 7*q - 92. List the prime factors of t(-25).
2, 3, 59
Let p(f) = 312*f + 2. List the prime factors of p(3).
2, 7, 67
Let v be 2457/35 + (-2)/10. Let y = v + -29. What are the prime factors of y?
41
Suppose 3*s + 3*k - 12789 = 0, -3*k + 13359 + 3696 = 4*s. List the prime factors of s.
2, 3, 79
Let f be (2 - -4)*6/4. Let x = 86 + f. List the prime factors of x.
5, 19
Let s(a) = 128*a**2 + 11*a + 17. What are the prime factors of s(-3)?
2, 71
Let n be (68/(-16) - -4)*-556. Suppose -5*b + 26 = -n. List the prime factors of b.
3, 11
Let b = -21 + 26. What are the prime factors of ((-214)/4 + -4 + b)*-2?
3, 5, 7
Suppose -3*i = -2*s - 5*i - 22, -4*i - 24 = 2*s. What are the prime factors of (2 + 415/(-2))/(15/s)?
137
Let a(r) = r**3 - 12*r - 10. Suppose -10 + 3 = -t. What are the prime factors of a(t)?
3, 83
Let z(r) = 64*r + 8. Let f(k) = 11*k + 3. Let i(n) = -23*n - 7. Let o(j) = 5*f(j) + 2*i(j). Let g(x) = -44*o(x) + 6*z(x). List the prime factors of g(-3).
2, 5
Suppose 2*v - 5*y - 305 = 0, -27 = -2*v - 4*y + 251. Suppose 3*h - 4*i + i = 441, -2*i - v = -h. List the prime factors of h.
149
Let t(m) = m**2 + 29*m + 47. Let c be t(-29). Let p = -31 - -21. Let u = p + c. List the prime factors of u.
37
Let q = 94 + -50. Suppose t - q + 7 = 0. List the prime factors of t.
37
Let m = 80 + -86. What are the prime factors of 3/(9/(-2))*(m + -303)?
2, 103
Suppose -2*c + s + 4 = 0, -s = 3*c + 1 - 7. Let u be (-6)/(0 + c) - -14. List the prime factors of 2 + u - 2 - -1.
2, 3
Let t(a) = -a**3 - 16*a**2 + 8*a + 130. What are the prime factors of t(-20)?
2, 5, 157
Let p be (-6)/(-8) - (-2079)/28. Suppose 3*j + 5*y - 62 = 0, -2*j + p = 2*j - y. What are the prime factors of j?
19
Let x(h) = -33*h**3 - h**2 + 1. Let t be ((-2)/(-4))/((-3)/6). What are the prime factors of x(t)?
3, 11
Let i be ((6102/24)/(-9))/(1/(-12)). Suppose 0 = -0*j + 5*j - 20, -j + i = 5*h. What are the prime factors of h?
67
Let i(z) = z**3 - 7*z**2 + z + 5. Let b(o) = 0 - 1 + 2*o - 3*o + 2*o. Let f be b(8). What are the prime factors of i(f)?
2, 3
Let g(i) = -i**3 - 7*i**2 - 6*i + 5. Let x be g(-6). Suppose 0 = -x*p + 7*p - 12. Suppose p*k = 2*k + 68. List the prime factors of k.
17
Let v = 371 + 851. What are the prime factors of v?
2, 13, 47
Let j = 5 + 140. List the prime factors of j.
5, 29
Let n = -1826 - -2067. List the prime factors of n.
241
Let a(y) = 2*y**3 - 5*y**2 - 2*y + 2. Let q(s) = s**3 - s**2 - s. Let v(b) = -a(b) + 5*q(b). What are the prime factors of v(2)?
2
Suppose 14*z - 9*z - 10 = 0. List the prime factors of 22 + (-6 + 4 - z).
2, 3
Let z = 39 - -1. Suppose z = 4*s - 3*s. List the prime factors of s.
2, 5
Let b be 252/24 + (-3)/(-2). Suppose 0 = 5*i - 2*i - 2*w - 93, 4*w = -b. List the prime factors of i.
29
Suppose 5*r - 54 = b, 2 - 6 = b. Suppose u - r = -u. Suppose 0*n - c + 70 = u*n, 70 = 4*n - 2*c. What are the prime factors of n?
3, 5
Suppose 4310 = 8*z - 3*z + 5*q, -3*q = -5*z + 4294. List the prime factors of z.
2, 5, 43
Suppose -2*v + 2*h = -4*v + 16, -23 = -3*v - 2*h. Suppose v + 109 = u - a, 4*a - 4 = 0. What are the prime factors of (-3)/2 - u/(-2)?
3, 19
Let z(s) = 8*s**2 + 3*s - 2*s**2 + 3 + 2 + 2*s**2 + s**3. Suppose -2*q = 2*n + 18, -2*q + 3*q + 3*n + 13 = 0. What are the prime factors of z(q)?
3, 11
Let l(f) = f**3 - 15*f**2 + 12*f + 16. Let p be l(14). Let t = p - -16. What are the prime factors of 0 - (-84)/t - -2?
23
Suppose 5*j = 3*m - 294 - 53, 460 = 4*m - 4*j. List the prime factors of m.
2, 3, 19
Suppose -2*m - 2*h + 6 = 0, 14 = -0*m - 2*m + 3*h. Let q = 1 - m. Suppose 6*v - 32 = q*v - 4*f, 2*v = 4*f + 4. List the prime factors of v.
2, 3
Suppose 102 = 3*r - 0*r. Suppose 16 = l + 3*l, -s = 4*l - r. Suppose 5*q = -s + 63. What are the prime factors of q?
3
Let t be (6 + 222 - -6)*(-2)/(-3). Let g = -70 + t. What are the prime factors of g?
2, 43
Let c(t) = t**2 - 12*t - 13. Suppose 0*r - 2*f = 5*r + 33, r + 3*f = -4. Let j be c(r). What are the prime factors of (-1)/((-4)/j) + -2?
2, 7
Let j(r) = -16 + 6*r**2 + 11*r - 2*r + 6*r + 6. List the prime factors of j(-8).
2, 127
Suppose 0*g + 5 = g. Suppose 255 = g*z + 3*l, 4*z - l - 4*l - 167 = 0. List the prime factors of z.
2, 3
Suppose -4*z + 4*g = z - 1354, 4*z - g = 1092. What are the prime factors of z?
2, 137
Suppose -l - 13 = -3*j, j + 2*j - 4*l = -2. Suppose 0 = -j*h + 93 + 39. List the prime factors